{"id":270,"date":"2015-04-10T18:11:03","date_gmt":"2015-04-10T18:11:03","guid":{"rendered":"http:\/\/webmamnon.vn\/?page_id=270"},"modified":"2020-10-23T14:42:19","modified_gmt":"2020-10-23T07:42:19","slug":"huong-dan-thanh-toan","status":"publish","type":"page","link":"https:\/\/camerayoosee.com\/v1\/huong-dan-thanh-toan","title":{"rendered":"H\u01b0\u1edbng d\u1eabn thanh to\u00e1n"},"content":{"rendered":"<p>Ch\u00fang t\u00f4i h\u1ed7 tr\u1ee3 c\u00e1c h\u00ecnh th\u1ee9c thanh to\u00e1n sau:<\/p>\n<p><span style=\"color: #000000;\"><strong>Thanh to\u00e1n qua chuy\u1ec3n kho\u1ea3n Ng\u00e2n h\u00e0ng ho\u1eb7c ebanking:<\/strong><\/span><\/p>\n<p><strong>1. Ng\u00e2n h\u00e0ng \u0110\u00f4ng \u00c1<\/strong><br \/>\nSTK: <strong>0101655977<\/strong> &#8211; Ng\u00e2n h\u00e0ng \u0110\u00f4ng \u00c1, chi nh\u00e1nh Thanh Xu\u00e2n, H\u00e0 N\u1ed9i<br \/>\nCh\u1ee7 TK: Nguy\u1ec5n Th\u00fay Anh<\/p>\n<p><strong><span style=\"color: #008000;\">2. Ng\u00e2n h\u00e0ng \u00c1 Ch\u00e2u (ACB)<\/span><\/strong><\/p>\n<p><strong><span style=\"color: #008000;\">STK: 15462507 &#8211; Ng\u00e2n h\u00e0ng \u00c1 Ch\u00e2u, PGD Linh \u0110\u00e0m, chi nh\u00e1nh H\u00e0 N\u1ed9i<\/span><\/strong><\/p>\n<p><strong><span style=\"color: #008000;\">Ch\u1ee7 TK: Nguy\u1ec5n Th\u00fay Anh<\/span><\/strong><\/p>\n<p><span style=\"color: #000000;\"><strong>3. Ng\u00e2n h\u00e0ng Ngo\u1ea1i Th\u01b0\u01a1ng Vi\u1ec7t Nam Vietcombank (VCB)<\/strong><\/span><br \/>\n<span style=\"color: #000000;\">STK: <strong>0011003638132<\/strong> &#8211; Ng\u00e2n h\u00e0ng Ngo\u1ea1i th\u01b0\u01a1ng Vi\u1ec7t Nam &#8211; S\u1edf giao d\u1ecbch H\u00e0 N\u1ed9i<\/span><br \/>\n<span style=\"color: #000000;\">Ch\u1ee7 TK: Nguy\u1ec5n Th\u00fay Anh<\/span><\/p>\n<p><strong>4. Ng\u00e2n h\u00e0ng TMCP Qu\u00e2n \u0111\u1ed9i (MB)<\/strong><br \/>\nSTK: <strong>0520100607003<\/strong> t\u1ea1i Ng\u00e2n h\u00e0ng TMCP Qu\u00e2n \u0111\u1ed9i, chi nh\u00e1nh L\u00fd Nam \u0110\u1ebf<br \/>\nCh\u1ee7 TK: Nguy\u1ec5n Th\u00fay Anh<\/p>\n<p><strong>5. Ng\u00e2n h\u00e0ng K\u1ef9 Th\u01b0\u01a1ng Vi\u1ec7t Nam (Techcombank)<\/strong><br \/>\nSTK: <strong>14024081345014<\/strong> t\u1ea1i Techcombank Gi\u1ea3ng V\u00f5<br \/>\nCh\u1ee7 TK: Nguy\u1ec5n Th\u00fay Anh<\/p>\n<p><strong>6. Ng\u00e2n h\u00e0ng N\u00f4ng nghi\u1ec7p v\u00e0 ph\u00e1t tri\u1ec3n n\u00f4ng th\u00f4n (Agribank)<\/strong><br \/>\nSTK: <b>3180205531371 <\/b>t\u1ea1i Agribank chi nh\u00e1nh Thanh Tr\u00ec, H\u00e0 N\u1ed9i.<\/p>\n<p>Ch\u1ee7 TK Nguy\u1ec5n Th\u00fay Anh<\/p>\n<p><strong>7. Ng\u00e2n h\u00e0ng VietinBank<\/strong><\/p>\n<p><strong>STK: 106000853938\u00a0<\/strong>t\u1ea1i Ng\u00e2n h\u00e0ng Vietin Bank chi nh\u00e1nh Ho\u00e0ng Mai, H\u00e0 N\u1ed9i.<\/p>\n<p>Ch\u1ee7 TK Nguy\u1ec5n Th\u00fay Anh<\/p>\n<p><strong>8. Ng\u00e2n h\u00e0ng TMCP \u0110\u1ea7u t\u01b0 v\u00e0 Ph\u00e1t tri\u1ec3n Vi\u1ec7t Nam BIDV<\/strong><\/p>\n<p><strong>STK:\u00a021610000513555<\/strong> t\u1ea1i Ng\u00e2n h\u00e0ng BIDV chi nh\u00e1nh \u0110\u1ed1ng \u0110a, H\u00e0 N\u1ed9i.<\/p>\n<p>Ch\u1ee7 TK Nguy\u1ec5n Th\u00fay Anh<\/p>\n<p>&nbsp;<\/p>\n<p><span style=\"color: #000000;\"><strong>Thanh to\u00e1n t\u1ea1i \u0111\u1ecba ch\u1ec9 kh\u00e1ch h\u00e0ng:<\/strong> <\/span><br \/>\nCh\u00fang t\u00f4i mi\u1ec5n ph\u00ed giao h\u00e0ng v\u00e0 thanh to\u00e1n t\u1ea1i \u0111\u1ecba ch\u1ec9 kh\u00e1ch h\u00e0ng trong ph\u1ea1m vi n\u1ed9i th\u00e0nh H\u00e0 N\u1ed9i.<\/p>\n<p>C\u00e1c v\u1ea5n \u0111\u1ec1 c\u1ea7n gi\u1ea3i \u0111\u00e1p trong thanh to\u00e1n, qu\u00fd kh\u00e1ch vui l\u00f2ng g\u1ecdi s\u1ed1: <strong>024 6673 7007<\/strong> &#8211;\u00a0<strong>0987 238 239<\/strong><\/p>\n<p>&nbsp;<\/p>\n","protected":false},"excerpt":{"rendered":"<p>Ch\u00fang t\u00f4i h\u1ed7 tr\u1ee3 c\u00e1c h\u00ecnh th\u1ee9c thanh to\u00e1n sau: Thanh to\u00e1n qua chuy\u1ec3n kho\u1ea3n Ng\u00e2n h\u00e0ng ho\u1eb7c ebanking: 1. Ng\u00e2n h\u00e0ng \u0110\u00f4ng \u00c1 STK: 0101655977 &#8211; Ng\u00e2n h\u00e0ng \u0110\u00f4ng \u00c1, chi nh\u00e1nh Thanh Xu\u00e2n, H\u00e0 N\u1ed9i Ch\u1ee7 TK: Nguy\u1ec5n Th\u00fay Anh 2. Ng\u00e2n h\u00e0ng \u00c1 Ch\u00e2u (ACB) STK: 15462507 &#8211; Ng\u00e2n h\u00e0ng \u00c1 Ch\u00e2u, [&hellip;]<\/p>\n","protected":false},"author":1,"featured_media":0,"parent":0,"menu_order":0,"comment_status":"open","ping_status":"open","template":"","meta":{"footnotes":""},"_links":{"self":[{"href":"https:\/\/camerayoosee.com\/v1\/wp-json\/wp\/v2\/pages\/270"}],"collection":[{"href":"https:\/\/camerayoosee.com\/v1\/wp-json\/wp\/v2\/pages"}],"about":[{"href":"https:\/\/camerayoosee.com\/v1\/wp-json\/wp\/v2\/types\/page"}],"author":[{"embeddable":true,"href":"https:\/\/camerayoosee.com\/v1\/wp-json\/wp\/v2\/users\/1"}],"replies":[{"embeddable":true,"href":"https:\/\/camerayoosee.com\/v1\/wp-json\/wp\/v2\/comments?post=270"}],"version-history":[{"count":14,"href":"https:\/\/camerayoosee.com\/v1\/wp-json\/wp\/v2\/pages\/270\/revisions"}],"predecessor-version":[{"id":3744,"href":"https:\/\/camerayoosee.com\/v1\/wp-json\/wp\/v2\/pages\/270\/revisions\/3744"}],"wp:attachment":[{"href":"https:\/\/camerayoosee.com\/v1\/wp-json\/wp\/v2\/media?parent=270"}],"curies":[{"name":"wp","href":"https:\/\/api.w.org\/{rel}","templated":true}]}}