{"id":464,"date":"2015-06-18T13:37:08","date_gmt":"2015-06-18T13:37:08","guid":{"rendered":"http:\/\/minipcvietnam.com\/?page_id=464"},"modified":"2016-05-23T05:29:49","modified_gmt":"2016-05-23T05:29:49","slug":"bao-hanh","status":"publish","type":"page","link":"https:\/\/camerayoosee.com\/v1\/bao-hanh","title":{"rendered":"B\u1ea3o h\u00e0nh"},"content":{"rendered":"<p style=\"text-align: justify;\">www.CameraYooSee.com th\u1ef1c hi\u1ec7n h\u1ec7 th\u1ed1ng B\u1ea2O H\u00c0NH \u0110I\u1ec6N T\u1eec. Kh\u00e1ch h\u00e0ng \u0111\u01b0\u1ee3c c\u1ea5p t\u00e0i kho\u1ea3n truy c\u1eadp h\u1ec7 th\u1ed1ng b\u1ea3o h\u00e0nh \u0111i\u1ec7n t\u1eed \u0111\u1ec3 ki\u1ec3m tra th\u00f4ng tin s\u1ea3n ph\u1ea9m, ki\u1ec3m tra m\u00e3 ID c\u1ee7a s\u1ea3n ph\u1ea9m, th\u1eddi gian mua h\u00e0ng, th\u1eddi gian c\u00f2n b\u1ea3o h\u00e0nh v\u00e0 c\u00e1c ch\u00ednh s\u00e1ch h\u1ed7 tr\u1ee3 s\u1ea3n ph\u1ea9m sau b\u00e1n h\u00e0ng. <a href=\"https:\/\/khachhang.cctvvietnam.com\/clientarea.php\">Truy c\u1eadp h\u1ec7 th\u1ed1ng B\u1ea3o h\u00e0nh \u0110i\u1ec7n t\u1eed <strong>T\u1ea0I \u0110\u00c2Y<\/strong><\/a><\/p>\n<p style=\"text-align: justify;\"><strong>S\u1ea3n ph\u1ea9m Camera kh\u00f4ng d\u00e2y YooSee\u00a0\u0111\u01b0\u1ee3c b\u1ea3o h\u00e0nh\u00a0theo ti\u00eau chu\u1ea9n nh\u00e0 s\u1ea3n xu\u1ea5t nh\u01b0 sau:<\/strong><\/p>\n<ul style=\"text-align: justify;\">\n<li>Th\u1eddi gian b\u1ea3o h\u00e0nh s\u1ea3n ph\u1ea9m: 12\u00a0th\u00e1ng.<\/li>\n<li>Ph\u1ea1m vi b\u1ea3o h\u00e0nh s\u1ea3n ph\u1ea9m: B\u1ea3o h\u00e0nh th\u00e2n m\u00e1y (thi\u1ebft b\u1ecb), Adapter (ngu\u1ed3n c\u1ea5p \u0111i\u1ec7n).<\/li>\n<li>\u0110\u1ecba ch\u1ec9 b\u1ea3o h\u00e0nh s\u1ea3n ph\u1ea9m: S\u1ed1 32 Mai H\u1eafc \u0110\u1ebf, Hai B\u00e0 Tr\u01b0ng, H\u00e0 N\u1ed9i. \u0110i\u1ec7n tho\u1ea1i: 04 6673 7007.<\/li>\n<\/ul>\n<p style=\"text-align: justify;\"><strong>C\u00e1c tr\u01b0\u1eddng h\u1ee3p sau kh\u00f4ng \u0111\u01b0\u1ee3c \u00e1p d\u1ee5ng b\u1ea3o h\u00e0nh:<\/strong><\/p>\n<ul style=\"text-align: justify;\">\n<li>Tem b\u1ea3o h\u00e0nh kh\u00f4ng c\u00f2n nguy\u00ean v\u1eb9n: R\u00e1ch tem, v\u1ee1 tem, tem b\u1ecb t\u1ea9y x\u00f3a, ch\u1ec9nh s\u1eeda&#8230;<\/li>\n<li>R\u01a1i v\u1ee1, bi\u1ebfn d\u1ea1ng v\u1ecf thi\u1ebft b\u1ecb ho\u1eb7c d\u1ea5u hi\u1ec7u va \u0111\u1eadp ngo\u1ea1i l\u1ef1c, d\u1ea5u hi\u1ec7u c\u1ea1y ph\u00e1, th\u00e1o d\u1ee1 thi\u1ebft b\u1ecb<\/li>\n<li>Bi\u1ebfn d\u1ea1ng \u0111\u1ea7u c\u1eafm t\u00edn hi\u1ec7u TF-Card Slote,\u00a0LAN port,\u00a0n\u00fat kh\u1edfi \u0111\u1ed9ng ngu\u1ed3n&#8230;<\/li>\n<li>Thi\u1ebft b\u1ecb b\u1ecb ch\u1eadp ch\u00e1y, v\u00e0o n\u01b0\u1edbc, thi\u00ean tai, \u0111\u1ed9ng v\u1eadt &#8211; c\u00f4n tr\u00f9ng c\u1eafn&#8230;<\/li>\n<li>Kh\u00f4ng b\u1ea3o h\u00e0nh m\u00f4 t\u01a1 quay qu\u00e9t, kh\u00f4ng b\u1ea3o h\u00e0nh th\u1ebb nh\u1edb thu\u1ed9c di\u1ec7n t\u1eb7ng k\u00e8m s\u1ea3n ph\u1ea9m.<\/li>\n<\/ul>\n<p style=\"text-align: justify;\"><strong>Th\u1eddi gian nh\u1eadn v\u00e0 tr\u1ea3 b\u1ea3o h\u00e0nh s\u1ea3n ph\u1ea9m:<\/strong><\/p>\n<ul style=\"text-align: justify;\">\n<li>Th\u1ef1c hi\u1ec7n \u0111\u1ed5i tr\u1ea3 s\u1ea3n ph\u1ea9m trong v\u00f2ng 1-3 gi\u1edd \u0111\u1ed1i v\u1edbi c\u00e1c s\u1ea3n ph\u1ea9m b\u1ecb l\u1ed7i trong v\u00f2ng 3 th\u00e1ng \u0111\u1ea7u ti\u00ean k\u1ec3 t\u1eeb ng\u00e0y mua.<\/li>\n<li>Th\u1ef1c hi\u1ec7n \u0111\u1ed5i tr\u1ea3 s\u1ea3n ph\u1ea9m trong v\u00f2ng 1-3 ng\u00e0y \u0111\u1ed1i v\u1edbi c\u00e1c s\u1ea3n ph\u1ea9m b\u1ecb l\u1ed7i ngo\u00e0i 3 th\u00e1ng k\u1ec3 t\u1eeb ng\u00e0y mua.<\/li>\n<li>S\u1ea3n ph\u1ea9m b\u1ea3o h\u00e0nh \u0111\u01b0\u1ee3c ti\u1ebfp nh\u1eadn v\u00e0 tr\u1ea3 kh\u00e1ch h\u00e0ng t\u1ea1i Tr\u1ee5 s\u1edf c\u1ee7a Camea YooSee. \u0110\u1ed1i v\u1edbi c\u00e1c kh\u00e1ch h\u00e0ng g\u1eedi chuy\u1ec3n ph\u00e1t s\u1ea3n ph\u1ea9m b\u1ea3o h\u00e0nh, ph\u00ed chuy\u1ec3n ph\u00e1t s\u1ebd do kh\u00e1ch h\u00e0ng chi tr\u1ea3.<\/li>\n<\/ul>\n<p style=\"text-align: justify;\">\u0110\u1ed1i v\u1edbi c\u00e1c tr\u01b0\u1eddng h\u1ee3p kh\u00f4ng thu\u1ed9c ph\u1ea1m vi b\u1ea3o h\u00e0nh, www.camerayoosee.com s\u1ebd \u0111\u00e1nh gi\u00e1 m\u1ee9c \u0111\u1ed9 h\u01b0 h\u1ea1i v\u00e0 cung c\u1ea5p c\u00e1c ph\u01b0\u01a1ng \u00e1n s\u1eeda ch\u1eefa, thay th\u1ebf linh ki\u1ec7n n\u1ebfu kh\u00e1ch h\u00e0ng y\u00eau c\u1ea7u.<\/p>\n<p style=\"text-align: justify;\">M\u1ecdi th\u00f4ng tin y\u00eau c\u1ea7u gi\u1ea3i \u0111\u00e1p chi ti\u1ebft v\u1ec1 ch\u1ebf \u0111\u1ed9 b\u1ea3o h\u00e0nh, qu\u00fd kh\u00e1ch vui l\u00f2ng g\u1ecdi s\u1ed1 04 6673 7007 ho\u1eb7c \u0111\u01b0\u1eddng d\u00e2y n\u00f3ng: 0987 238 239.<\/p>\n","protected":false},"excerpt":{"rendered":"<p>www.CameraYooSee.com th\u1ef1c hi\u1ec7n h\u1ec7 th\u1ed1ng B\u1ea2O H\u00c0NH \u0110I\u1ec6N T\u1eec. Kh\u00e1ch h\u00e0ng \u0111\u01b0\u1ee3c c\u1ea5p t\u00e0i kho\u1ea3n truy c\u1eadp h\u1ec7 th\u1ed1ng b\u1ea3o h\u00e0nh \u0111i\u1ec7n t\u1eed \u0111\u1ec3 ki\u1ec3m tra th\u00f4ng tin s\u1ea3n ph\u1ea9m, ki\u1ec3m tra m\u00e3 ID c\u1ee7a s\u1ea3n ph\u1ea9m, th\u1eddi gian mua h\u00e0ng, th\u1eddi gian c\u00f2n b\u1ea3o h\u00e0nh v\u00e0 c\u00e1c ch\u00ednh s\u00e1ch h\u1ed7 tr\u1ee3 s\u1ea3n ph\u1ea9m sau [&hellip;]<\/p>\n","protected":false},"author":1,"featured_media":0,"parent":0,"menu_order":0,"comment_status":"open","ping_status":"open","template":"page-sidebar.php","meta":{"footnotes":""},"_links":{"self":[{"href":"https:\/\/camerayoosee.com\/v1\/wp-json\/wp\/v2\/pages\/464"}],"collection":[{"href":"https:\/\/camerayoosee.com\/v1\/wp-json\/wp\/v2\/pages"}],"about":[{"href":"https:\/\/camerayoosee.com\/v1\/wp-json\/wp\/v2\/types\/page"}],"author":[{"embeddable":true,"href":"https:\/\/camerayoosee.com\/v1\/wp-json\/wp\/v2\/users\/1"}],"replies":[{"embeddable":true,"href":"https:\/\/camerayoosee.com\/v1\/wp-json\/wp\/v2\/comments?post=464"}],"version-history":[{"count":11,"href":"https:\/\/camerayoosee.com\/v1\/wp-json\/wp\/v2\/pages\/464\/revisions"}],"predecessor-version":[{"id":1083,"href":"https:\/\/camerayoosee.com\/v1\/wp-json\/wp\/v2\/pages\/464\/revisions\/1083"}],"wp:attachment":[{"href":"https:\/\/camerayoosee.com\/v1\/wp-json\/wp\/v2\/media?parent=464"}],"curies":[{"name":"wp","href":"https:\/\/api.w.org\/{rel}","templated":true}]}}